at is the remainder when (270/1485 + 1074/22)*(-36)/(-7) is divided by 66?
54
What is the remainder when (-21230)/(-44)*(-4)/(-70)*14 is divided by 367?
19
Suppose -5*x + 512 = 11*x. What is the remainder when 73 is divided by (-66)/4*x/(-48)?
7
Suppose 2*c + 3 - 10 = n, 3*c + 4*n = 16. Suppose -k + 3*k + c*a - 22 = 0, k - 2*a = 31. What is the remainder when 22 is divided by k?
1
What is the remainder when 408 is divided by 912/9 + (4 + 11/(-3))/(-1)?
4
Let d = -20 + 19. Let s = d + 105. Suppose x = -2*k + s, -3*k + 32 = x - 70. What is the remainder when x is divided by 37?
34
Let r = 62 - 34. Let o(m) = -m**3 + 108*m**2 + 235*m - 1541. Calculate the remainder when o(110) is divided by r.
25
Let t(l) be the first derivative of l**2/2 + 35*l - 43. Suppose -3*p = -5*p - 26. What is the remainder when t(p) is divided by 6?
4
Let o be -1*(10 - (1 + 0)). Suppose -230 + 88 = -g. Calculate the remainder when g is divided by (-32)/(-6)*o/(-2).
22
Let l be ((-28)/(-7))/(4/90). Suppose 3*a - l = 132. Let p = -36 - -62. What is the remainder when a is divided by p?
22
Suppose 10*p + 174 = 494. Calculate the remainder when 638 is divided by p.
30
Suppose t + 5*q - 6 = 4, -5*t - 4*q = -113. Suppose 4*g = 3*x - 319 - 1062, -5*x - 2*g = -2215. What is the remainder when x is divided by t?
22
Suppose s - 14 - 57 = 0. Let n(r) be the third derivative of r**5/60 + 2*r**4/3 + r**3/6 - 83*r**2. Calculate the remainder when s is divided by n(-18).
34
Calculate the remainder when 2/(-10)*2*(160254/(-36) + -6) is divided by 17.
15
Suppose -20*w - 26 = -18*w. Suppose 2*r - 84 = -4*x, -3*r - 5*x = -7*r + 129. Calculate the remainder when (-14 - w) + 5/((-5)/(-68)) is divided by r.
31
Let a = 13597 - 13501. What is the remainder when 549 is divided by a?
69
Let v = 275 - 91. Let y = -144 - -207. What is the remainder when v is divided by y?
58
Let v be -5 - (-5)/2*(37 - 33). Suppose -g + 2072 = v*w, 0*g - 1664 = -4*w - 4*g. What is the remainder when w is divided by 52?
50
Let a be (-312)/26 + (1 - 4/(-2)). Let z = 31 + -10. Calculate the remainder when z is divided by (-12)/3*(-2)/(-8)*a.
3
Let o = -5568 + 5980. What is the remainder when o is divided by 132?
16
Suppose -2 = 3*i - 4*w - 0, 0 = i - 4*w + 14. Suppose 17 = 3*q - 328. Let k = q - 70. What is the remainder when k is divided by i?
3
Let o be (-6)/(-78)*132 - (-6)/(-39). Calculate the remainder when 129 is divided by (160/(-12) + 2)*(o - 13).
27
Let a be (18/27)/(4/(-6)). Let t be (((-9)/(-2))/((-12)/(-32)))/a. Let r(d) = 2*d + 34. What is the remainder when 32 is divided by r(t)?
2
Suppose 26*t = 11*t + 11130. Calculate the remainder when t is divided by 63.
49
Let h(d) = -34*d**3 + 7*d**2 + 2*d. Suppose -4 - 12 = -2*c. Calculate the remainder when h(-1) is divided by c.
7
Suppose -4*d + 55*o = 51*o - 7056, 5*o - 10 = 0. Calculate the remainder when d is divided by 586.
8
Let b(j) = -1 + 49*j + 1 - 1. Suppose 4*a = -v + 69, v = 28*a - 27*a + 24. Calculate the remainder when b(2) is divided by v.
31
Suppose 10 - 280 = 6*g. What is the remainder when 18/g + (-42)/(-5) is divided by 5?
3
Suppose -1003*x = 2*r - 1006*x - 201, 2*r - 181 = -x. Calculate the remainder when 2603 is divided by r.
92
Let c(s) = -171*s - 768. What is the remainder when c(-5) is divided by 62?
25
What is the remainder when 3345 is divided by (0 - -21) + (-91 - -74)?
1
Let p(j) = -j**2 - 7*j + 8. Let x = -251 + 171. What is the remainder when (1140/x)/(6/(-16)) is divided by p(-6)?
10
Let w be ((-3)/12 - (-57)/(-60))*5. Let r be ((-6)/9)/(2 - (-13)/w). What is the remainder when (-4 + 9)/((8/18)/r) is divided by 8?
5
What is the remainder when 91 is divided by (1023/(-248))/(1/(-8))?
25
Let m = -742 - -754. Suppose 3*w + 5*u = 2*u + 828, -4*w + 3*u = -1083. What is the remainder when w is divided by m?
9
Suppose 12*d + 120 = -8*d. Calculate the remainder when 273 is divided by 460/(-50)*15/d.
20
Let c(q) be the second derivative of -q**5/4 + q**4/6 - 5*q**3/3 - 3*q**2/2 + 11*q - 1. Calculate the remainder when c(-4) is divided by 79.
73
Let t(i) = -i**2 + 6*i + 3. Let n be ((-17496)/60)/(-9)*20/6. Suppose 8*w = 14*w - n. Calculate the remainder when w is divided by t(3).
6
Let k(n) = 5*n**2 - 49*n + 4. Let j = -248 - -258. Calculate the remainder when k(j) is divided by 8.
6
Suppose 2*t = 3*r + 371, 2*t - 3*t = 2*r - 189. Calculate the remainder when 4298 is divided by t.
184
Let f = -3 - -94. Suppose 0 = 4*b + 12, 4*n + 6*b = 2*b + 152. Suppose -2*x + n = -m, 4*x + 6*m = 4*m + 70. Calculate the remainder when f is divided by x.
15
Suppose 2*t + 6 = 0, t + 11 = 3*n - 22. Let z = -114 - -119. Suppose -53 = -w - 0*w + 4*q, -2*q + 177 = z*w. What is the remainder when w is divided by n?
7
Suppose -y = 4*c - 0*y - 113, y = 2*c - 55. Calculate the remainder when c is divided by -99 - -110 - (-1 + -3).
13
Calculate the remainder when 219 is divided by (-25077)/(-312) - (-15)/(-40).
59
Suppose -5*y + y + 210 = 2*t, -t - 5*y + 96 = 0. Let o(w) = -153*w**3 - 2*w - 2. Let s be o(-1). Let a = s - t. Calculate the remainder when a is divided by 22.
20
Suppose -2*u - 205 + 947 = 2*t, -3*t = -5*u - 1129. What is the remainder when t is divided by 129?
115
Suppose 26*g - 22*g = 0. Suppose -q = -s - 9, s - 21 = -4*q - g*q. What is the remainder when 119 is divided by q?
5
Suppose -8751 + 59088 = 119*g. Calculate the remainder when g is divided by 85.
83
Let s = 289 - 281. Suppose s*q = 10*q - 184. Calculate the remainder when q is divided by 8.
4
Let z = 3799 - 2977. Calculate the remainder when z is divided by 118.
114
Let f(g) = g**3 + 5*g**2 - 12*g - 1. Let s be 4/12*-1 - (-26)/6. Suppose -56 + 36 = -s*c. What is the remainder when f(c) is divided by 32?
29
Let i(v) = v**3 + 17*v**2 - v - 3. Calculate the remainder when i(-16) is divided by 56.
45
Let f = 424 - 420. Calculate the remainder when 342 is divided by f.
2
Let c = -3 + -69. Let x = 74 + c. Suppose -3*q - x*p + 22 = q, 4*p = q - 1. What is the remainder when 34 is divided by q?
4
Let p = -167 - -175. Suppose -3*t = -4*t + p. Calculate the remainder when t is divided by 3.
2
Suppose -35*o - 8*o + 8686 = 0. Let a(w) = 14*w - 215. What is the remainder when o is divided by a(20)?
7
Suppose -4*h + 4*m = -46456, 2*h - m - 30481 = -7252. Calculate the remainder when h is divided by 176.
175
What is the remainder when (-90492)/(-108) + 128/(-144) is divided by 417?
3
Let p(d) be the third derivative of -d**6/120 - d**5/60 + d**4/8 - d**3/3 - 19*d**2. Suppose -3*u - 27 = -4*u. What is the remainder when u is divided by p(-3)?
6
Let s = -223 + 151. Let r be 12/(-78) + s/39. Let t = r - -25. What is the remainder when t is divided by 9?
5
Let s = 41322 + -41089. What is the remainder when 1884 is divided by s?
20
Let x = -65 + 67. Suppose x*z + 2*t - 248 = 0, 0*z - 5*t + 362 = 3*z. Let p = z - 42. Calculate the remainder when p is divided by 10.
7
Suppose 0 = w + 5*s - 435, -23*w - s = -22*w - 455. What is the remainder when w is divided by 40?
20
Suppose -124*h - 87934 = -278*h. Calculate the remainder when h is divided by 197.
177
Let y(p) = -5*p**2 + 9*p + 19. Let b be y(-7). Let r = 338 + b. What is the remainder when r is divided by (0 - -2)*(-54)/(-4)?
22
Suppose -2*s = z + 56, 3*z - 2*s + 0*s + 136 = 0. What is the remainder when (z/14)/(4/(-56)) is divided by 5/(-3 + 30/(-135) + 462/135)?
23
Let t(m) = -3*m**2 + 12*m + 5. Let p be t(0). Suppose -2*r + 78 = -v, -p*v + 0*v + 156 = 4*r. Calculate the remainder when 1323 is divided by r.
36
Let n be (-15)/5 - 1*-1019. Suppose 0 = -k + 3*j - 108 - 153, 5*j = 4*k + n. Let s = -112 - k. What is the remainder when s is divided by 28?
25
Calculate the remainder when (-3 + 360/54)*870 is divided by 530.
10
Suppose 104*s - 60*s - 945 - 6403 = 0. What is the remainder when s is divided by (-5 + 3)/(6/(-129))?
38
Let a = -1821 - -1839. What is the remainder when 1000 is divided by a?
10
What is the remainder when -86*((-5)/4 + 52/64*-4) is divided by 26?
23
Suppose 4*r = r. Suppose 5*s - 108 - 52 = r. Calculate the remainder when 3962/378*9 - (-8)/12 is divided by s.
31
Let s(q) be the third derivative of -q**4/4 + 37*q**3/2 + 65*q**2. What is the remainder when s(7) is divided by 8?
5
Suppose -5*t = -3*g + 206 - 728, 196 = 2*t + 2*g. What is the 